 the prime factors of 84310944.
2, 3, 878239
List the prime factors of 1203984298.
2, 11, 983, 55673
What are the prime factors of 1349648035?
5, 193, 1398599
List the prime factors of 38928895.
5, 17, 457987
What are the prime factors of 239092342?
2, 859, 139169
What are the prime factors of 124680838?
2, 23, 2710453
List the prime factors of 30657026.
2, 15328513
What are the prime factors of 125914462?
2, 29, 2170939
List the prime factors of 4294707181.
173, 2861, 8677
What are the prime factors of 165567325?
5, 7, 11, 1117
List the prime factors of 211181915.
5, 7, 29, 29723
List the prime factors of 1066733469.
3, 13169549
What are the prime factors of 282669705?
3, 5, 139, 45191
List the prime factors of 1971323115.
3, 5, 47, 2796203
What are the prime factors of 95148155?
5, 599, 31769
What are the prime factors of 197631414?
2, 3, 406649
List the prime factors of 1966515989.
1966515989
What are the prime factors of 62783546?
2, 7, 41, 109379
What are the prime factors of 4860234?
2, 3, 71, 3803
What are the prime factors of 7618153?
7618153
What are the prime factors of 2189022394?
2, 13, 84193169
What are the prime factors of 40080352?
2, 13, 23, 59, 71
What are the prime factors of 64469495?
5, 12893899
List the prime factors of 1325043032.
2, 463, 357733
List the prime factors of 150490815.
3, 5, 251, 39971
List the prime factors of 7924904.
2, 13, 181, 421
List the prime factors of 95621415.
3, 5, 6374761
What are the prime factors of 261315025?
5, 1283, 8147
List the prime factors of 64283294.
2, 32141647
List the prime factors of 67320131.
37, 337, 5399
What are the prime factors of 5851248082?
2, 2503, 1168847
List the prime factors of 550031592.
2, 3, 11, 2083453
List the prime factors of 192041363.
67, 2866289
What are the prime factors of 4321543632?
2, 3, 7, 1837391
List the prime factors of 98548575.
3, 5, 17, 37, 2089
List the prime factors of 3136848276.
2, 3, 261404023
List the prime factors of 1894815765.
3, 5, 42107017
List the prime factors of 885959359.
193, 347, 13229
What are the prime factors of 237622403?
237622403
What are the prime factors of 185436918?
2, 3, 17, 202001
List the prime factors of 74466202.
2, 37233101
List the prime factors of 263055868.
2, 29, 2267723
List the prime factors of 373000804.
2, 11, 31, 151, 1811
List the prime factors of 184349345.
5, 1009, 36541
List the prime factors of 166353372.
2, 3, 1540309
What are the prime factors of 761428883?
37, 487, 42257
List the prime factors of 26564215.
5, 103, 51581
What are the prime factors of 1071537044?
2, 523, 512207
List the prime factors of 103854827.
103854827
What are the prime factors of 228522618?
2, 3, 23, 557, 991
List the prime factors of 25296866.
2, 7, 19, 95101
List the prime factors of 170894565.
3, 5, 3797657
List the prime factors of 1413101282.
2, 79, 8943679
What are the prime factors of 368841894?
2, 3, 17, 29, 124693
List the prime factors of 501229969.
139, 1217, 2963
List the prime factors of 45880296.
2, 3, 7, 11, 37, 61
List the prime factors of 3756120155.
5, 617, 821, 1483
List the prime factors of 294192833.
11, 127, 251, 839
What are the prime factors of 686654050?
2, 5, 683, 20107
List the prime factors of 526104042.
2, 3, 367, 238921
What are the prime factors of 184152056?
2, 11, 2092637
List the prime factors of 21171568.
2, 11, 120293
List the prime factors of 25424299.
17, 19, 78713
List the prime factors of 23700150.
2, 3, 5, 52667
What are the prime factors of 3116546694?
2, 3, 41, 4222963
List the prime factors of 3429261458.
2, 7, 244947247
List the prime factors of 759809194.
2, 31, 12254987
What are the prime factors of 220895606?
2, 131, 843113
What are the prime factors of 2488062015?
3, 5, 31, 198173
List the prime factors of 75788984.
2, 9473623
List the prime factors of 93513669.
3, 31171223
What are the prime factors of 548705247?
3, 182901749
What are the prime factors of 42455920?
2, 5, 13, 40823
List the prime factors of 204378488.
2, 17, 109, 811
List the prime factors of 757556391.
3, 19, 13290463
List the prime factors of 1553442633.
3, 172604737
What are the prime factors of 583953265?
5, 7, 863, 19333
What are the prime factors of 4681678281?
3, 7, 222937061
What are the prime factors of 1977253220?
2, 5, 98862661
List the prime factors of 60330836.
2, 31, 486539
List the prime factors of 1947347.
37, 52631
What are the prime factors of 1985260213?
47, 103, 410093
List the prime factors of 186887446.
2, 73, 139, 9209
What are the prime factors of 111358133?
571, 195023
List the prime factors of 3882655943.
211, 18401213
What are the prime factors of 215120341?
103, 2088547
List the prime factors of 15335929.
7, 59, 71, 523
What are the prime factors of 4922878127?
79, 62314913
What are the prime factors of 133452178?
2, 66726089
List the prime factors of 53595736.
2, 109, 61463
List the prime factors of 21485148.
2, 3, 41, 43669
List the prime factors of 250072092.
2, 3, 6946447
What are the prime factors of 1711216115?
5, 7, 1721, 28409
List the prime factors of 33065345.
5, 6613069
What are the prime factors of 92139429?
3, 30713143
List the prime factors of 306860528.
2, 13, 1475291
List the prime factors of 411700261.
7, 149, 394727
List the prime factors of 132939314.
2, 19, 3498403
What are the prime factors of 198269196?
2, 3, 307, 53819
What are the prime factors of 1152464269?
11, 104769479
What are the prime factors of 117097617?
3, 7, 13, 53, 8093
What are the prime factors of 878112091?
878112091
List the prime factors of 30576207.
3, 10192069
What are the prime factors of 48976634?
2, 7, 1523, 2297
What are the prime factors of 1112901787?
17, 65464811
List the prime factors of 114419789.
11, 10401799
List the prime factors of 3716528947.
431, 8623037
What are the prime factors of 88901161?
41, 67, 32363
List the prime factors of 255202069.
255202069
What are the prime factors of 86188886?
2, 7, 6156349
List the prime factors of 32402130.
2, 3, 5, 31, 34841
List the prime factors of 848305279.
617, 1374887
What are the prime factors of 2179611059?
37, 58908407
List the prime factors of 1663818284.
2, 6203, 67057
List the prime factors of 779952677.
7, 647, 172213
What are the prime factors of 234412465?
5, 7, 6697499
List the prime factors of 160085277.
3, 11, 17, 73, 1303
What are the prime factors of 180930070?
2, 5, 1301, 13907
List the prime factors of 88101971.
29, 3037999
List the prime factors of 4459407.
3, 47, 31627
List the prime factors of 265964895.
3, 5, 7, 120619
What are the prime factors of 709435877?
709435877
List the prime factors of 77161498.
2, 47, 59, 13913
What are the prime factors of 23331020?
2, 5, 313, 3727
List the prime factors of 443009164.
2, 13, 23, 28493
What are the prime factors of 197904408?
2, 3, 13, 59, 827
List the prime factors of 658301830.
2, 5, 65830183
What are the prime factors of 1766742674?
2, 37, 97, 246133
List the prime factors of 68986726.
2, 113, 383, 797
List the prime factors of 233236459.
233236459
List the prime factors of 3222861498.
2, 3, 41, 281, 15541
What are the prime factors of 191858031?
3, 7105853
List the prime factors of 89361510.
2, 3, 5, 7, 181, 2351
What are the prime factors of 214954875?
3, 5, 191071
List the prime factors of 179305125.
3, 5, 23, 20789
What are the prime factors of 124906254?
2, 3, 11, 31, 41, 1489
List the prime factors of 7678761.
3, 2559587
List the prime factors of 239495830.
2, 5, 7, 17, 28751
List the prime factors of 49287636.
2, 3, 456367
List the prime factors of 2331327885.
3, 5, 613, 253543
What are the prime factors of 425788322?
2, 43, 47, 105341
List the prime factors of 1502439294.
2, 3, 17, 383, 38459
What are the prime factors of 1283337201?
3, 1087, 393541
List the prime factors of 116999983.
31, 3774193
What are the prime factors of 306316632?
2, 3, 19, 191, 3517
What are the prime factors of 3202665231?
3, 71, 15035987
List the prime factors of 324530866.
2, 11, 409, 36067
What are the prime factors of 151248186?
2, 3, 79, 106363
List the prime factors of 339362689.
339362689
What are the prime factors of 3741838318?
2, 79, 23682521
List the prime factors of 4676051009.
7, 37, 47, 384133
What are the prime factors of 211202528?
2, 277, 23827
What are the prime fac